 32247 is divided by 4729?
3873
Calculate the remainder when 1704869 is divided by 68.
41
What is the remainder when 88116360 is divided by 607699?
5
What is the remainder when 6295799 is divided by 14473?
44
What is the remainder when 29731602 is divided by 4247369?
19
Calculate the remainder when 27551 is divided by 8476.
2123
What is the remainder when 103777 is divided by 44?
25
What is the remainder when 920052219 is divided by 6656?
6651
What is the remainder when 646693 is divided by 646645?
48
What is the remainder when 5484149 is divided by 210927?
47
What is the remainder when 186911 is divided by 775?
136
What is the remainder when 9304 is divided by 1317?
85
Calculate the remainder when 6059496 is divided by 2503.
2236
What is the remainder when 417833 is divided by 5566?
383
Calculate the remainder when 42809 is divided by 6110.
39
Calculate the remainder when 11365154 is divided by 720.
674
What is the remainder when 7552 is divided by 1375?
677
What is the remainder when 159177 is divided by 436?
37
What is the remainder when 5299677 is divided by 1318?
1317
Calculate the remainder when 45573 is divided by 512.
5
Calculate the remainder when 571674 is divided by 719.
69
What is the remainder when 1359770 is divided by 726?
698
Calculate the remainder when 322877 is divided by 213.
182
What is the remainder when 4995765 is divided by 192143?
47
What is the remainder when 7971563 is divided by 295?
73
What is the remainder when 59217457 is divided by 1610?
47
Calculate the remainder when 3856683 is divided by 237.
219
What is the remainder when 6465583 is divided by 6465563?
20
What is the remainder when 78023 is divided by 2889?
20
What is the remainder when 233645 is divided by 79?
42
What is the remainder when 5917712 is divided by 101?
21
Calculate the remainder when 25686933 is divided by 143.
129
What is the remainder when 131728 is divided by 131270?
458
Calculate the remainder when 1260858 is divided by 164.
26
What is the remainder when 13102215 is divided by 159?
138
What is the remainder when 136025 is divided by 13597?
55
Calculate the remainder when 108282 is divided by 296.
242
Calculate the remainder when 27051 is divided by 1932.
3
Calculate the remainder when 1148837 is divided by 571.
556
Calculate the remainder when 5554335 is divided by 427256.
7
Calculate the remainder when 160666638 is divided by 551.
548
What is the remainder when 42217 is divided by 825?
142
Calculate the remainder when 300365 is divided by 32991.
3446
What is the remainder when 82697 is divided by 6360?
17
Calculate the remainder when 924386 is divided by 308124.
14
Calculate the remainder when 10771837 is divided by 384708.
13
What is the remainder when 8708563 is divided by 85378?
7
What is the remainder when 47432619 is divided by 488?
483
Calculate the remainder when 56610965 is divided by 25.
15
Calculate the remainder when 465022 is divided by 3062.
2660
Calculate the remainder when 93947524 is divided by 2109.
10
What is the remainder when 16818360 is divided by 277?
28
Calculate the remainder when 276652 is divided by 69136.
108
What is the remainder when 11020986 is divided by 32703?
75
What is the remainder when 583718 is divided by 291845?
28
Calculate the remainder when 2569285 is divided by 838.
815
What is the remainder when 3203640 is divided by 2116?
16
What is the remainder when 515514 is divided by 180?
174
What is the remainder when 2436229 is divided by 188?
125
Calculate the remainder when 108089186 is divided by 101.
97
Calculate the remainder when 455288 is divided by 2450.
2038
What is the remainder when 18643472 is divided by 35?
22
What is the remainder when 68673 is divided by 1180?
233
Calculate the remainder when 13749 is divided by 628.
561
Calculate the remainder when 125441576 is divided by 552606.
14
What is the remainder when 810892 is divided by 135142?
40
What is the remainder when 368299 is divided by 853?
656
Calculate the remainder when 1890817 is divided by 171892.
5
What is the remainder when 17644561 is divided by 13?
12
Calculate the remainder when 235567 is divided by 78332.
571
Calculate the remainder when 149666 is divided by 21255.
881
Calculate the remainder when 18260822 is divided by 18260813.
9
What is the remainder when 1326357 is divided by 479?
6
Calculate the remainder when 22867018 is divided by 4589.
31
Calculate the remainder when 2592311 is divided by 28.
15
What is the remainder when 8925437 is divided by 52?
1
Calculate the remainder when 122441 is divided by 40774.
119
What is the remainder when 264316519 is divided by 7?
5
What is the remainder when 78097856 is divided by 156823?
2
Calculate the remainder when 1098159114 is divided by 9668.
9666
Calculate the remainder when 136140 is divided by 136070.
70
What is the remainder when 67884 is divided by 169?
115
What is the remainder when 2747082 is divided by 3930?
12
Calculate the remainder when 9953650 is divided by 4976816.
18
Calculate the remainder when 107302528 is divided by 2318.
2308
What is the remainder when 864963 is divided by 140?
43
Calculate the remainder when 123141774 is divided by 60.
54
What is the remainder when 1231929 is divided by 1274?
1245
What is the remainder when 6767246 is divided by 3668?
3454
Calculate the remainder when 6708285 is divided by 16.
13
Calculate the remainder when 47164541 is divided by 1133.
17
Calculate the remainder when 12168 is divided by 132.
24
Calculate the remainder when 2409456 is divided by 145.
136
What is the remainder when 28245068 is divided by 70087?
7
What is the remainder when 109792884 is divided by 1304?
1300
What is the remainder when 28941 is divided by 3931?
1424
Calculate the remainder when 431996 is divided by 431934.
62
Calculate the remainder when 7147808 is divided by 7147059.
749
What is the remainder when 507565 is divided by 350?
65
What is the remainder when 2508175 is divided by 44?
43
What is the remainder when 1376116 is divided by 5041?
4964
Calculate the remainder when 2407532 is divided by 343929.
29
Calculate the remainder when 54896 is divided by 27422.
52
What is the remainder when 50159973 is divided by 7?
3
Calculate the remainder when 866094 is divided by 120.
54
What is the remainder when 7933629 is divided by 949?
938
What is the remainder when 10356135 is divided by 121?
108
What is the remainder when 102023 is divided by 6532?
4043
What is the remainder when 182636 is divided by 26067?
167
Calculate the remainder when 113713 is divided by 2031.
2008
What is the remainder when 1849251 is divided by 369849?
6
What is the remainder when 6137531 is divided by 3068742?
47
Calculate the remainder when 418848 is divided by 937.
9
What is the remainder when 36459382 is divided by 4357?
6
Calculate the remainder when 453296 is divided by 4927.
12
Calculate the remainder when 925853 is divided by 1657.
1247
What is the remainder when 1955794 is divided by 2103?
4
What is the remainder when 57851 is divided by 56840?
1011
What is the remainder when 153484 is divided by 52?
32
What is the remainder when 1603684 is divided by 51?
40
Calculate the remainder when 12110061 is divided by 4631.
4627
What is the remainder when 736641 is divided by 824?
809
Calculate the remainder when 456690 is divided by 2457.
2145
What is the remainder when 37657 is divided by 5?
2
What is the remainder when 7231796 is divided by 45?
26
What is the remainder when 37881309 is divided by 10710?
39
Calculate the remainder when 96829048 is divided by 60.
28
Calculate the remainder when 279270 is divided by 46541.
24
What is the remainder when 17543 is divided by 14201?
3342
Calculate the remainder when 188951 is divided by 49.
7
Calculate the remainder when 52845179 is divided by 1030.
1029
Calculate the remainder when 11611197 is divided by 708.
705
What is the remainder when 16600 is divided by 3269?
255
Calculate the remainder when 23820930 is divided by 73749.
3
Calculate the remainder when 4630411 is divided by 77.
16
Calculate the remainder when 62635626 is divided by 10.
6
What is the remainder when 26447942 is divided by 2203994?
14
What is the remainder when 439235 is divided by 25?
10
What is the remainder when 1032521 is divided by 112?
105
Calculate the rem